reatest common factor of 12 and 24?
12
What is the greatest common factor of 7392 and 84?
84
What is the highest common factor of 168 and 105?
21
Calculate the greatest common divisor of 390 and 15.
15
What is the greatest common factor of 219 and 949?
73
Calculate the highest common divisor of 65 and 6487.
13
What is the highest common divisor of 13930 and 70?
70
Calculate the greatest common factor of 368 and 32.
16
Calculate the highest common factor of 10614 and 549.
183
What is the greatest common factor of 920 and 40?
40
What is the highest common divisor of 17025 and 60?
15
What is the greatest common divisor of 40596 and 306?
102
What is the highest common divisor of 12 and 14472?
12
What is the highest common divisor of 259 and 592?
37
Calculate the highest common divisor of 29 and 1711.
29
What is the greatest common factor of 928 and 290?
58
What is the greatest common factor of 25 and 1225?
25
What is the greatest common factor of 178 and 20?
2
What is the greatest common divisor of 674 and 4?
2
What is the highest common divisor of 208 and 1625?
13
What is the greatest common factor of 285 and 1?
1
Calculate the greatest common divisor of 15 and 405.
15
Calculate the greatest common divisor of 6358 and 1683.
187
What is the greatest common divisor of 84 and 700?
28
Calculate the highest common divisor of 1578 and 6.
6
What is the highest common divisor of 650 and 7670?
130
Calculate the highest common factor of 12500 and 1100.
100
What is the greatest common factor of 6 and 1758?
6
Calculate the highest common factor of 2080 and 200.
40
What is the greatest common divisor of 14 and 9961?
7
What is the highest common divisor of 7667 and 17?
17
Calculate the highest common divisor of 32790 and 30.
30
What is the greatest common factor of 639 and 71?
71
Calculate the highest common divisor of 416 and 1952.
32
What is the highest common divisor of 25 and 55?
5
What is the greatest common factor of 31 and 1023?
31
Calculate the greatest common factor of 253 and 9292.
23
Calculate the greatest common factor of 38 and 114.
38
What is the greatest common factor of 55 and 4730?
55
Calculate the greatest common divisor of 2 and 4.
2
Calculate the greatest common factor of 4550 and 1274.
182
What is the greatest common factor of 2528 and 96?
32
What is the highest common divisor of 6 and 15?
3
What is the greatest common factor of 82 and 5002?
82
What is the greatest common divisor of 36 and 90?
18
Calculate the greatest common factor of 81 and 4734.
9
What is the greatest common divisor of 1960 and 112?
56
Calculate the greatest common factor of 2496 and 576.
192
Calculate the highest common factor of 2496 and 39.
39
Calculate the highest common divisor of 4 and 317.
1
What is the greatest common divisor of 7945 and 35?
35
What is the highest common divisor of 203 and 56?
7
What is the highest common factor of 135 and 1095?
15
Calculate the highest common factor of 28880 and 80.
80
Calculate the highest common divisor of 319 and 203.
29
What is the greatest common factor of 95 and 57?
19
What is the highest common divisor of 91 and 4329?
13
What is the highest common divisor of 16890 and 60?
30
Calculate the greatest common factor of 687 and 21.
3
What is the highest common factor of 19 and 14744?
19
What is the greatest common divisor of 132 and 4884?
132
Calculate the greatest common factor of 1545 and 15.
15
Calculate the highest common factor of 1725 and 69.
69
Calculate the highest common factor of 1076 and 4.
4
Calculate the highest common factor of 125 and 25.
25
What is the greatest common factor of 2272 and 32?
32
What is the highest common divisor of 1704 and 18?
6
What is the greatest common factor of 252 and 28?
28
What is the greatest common factor of 141 and 15?
3
Calculate the greatest common divisor of 10002 and 12.
6
What is the greatest common factor of 24 and 648?
24
What is the highest common factor of 1703 and 13?
13
Calculate the greatest common factor of 147 and 21.
21
Calculate the highest common divisor of 24 and 120.
24
Calculate the highest common factor of 364 and 130.
26
What is the greatest common divisor of 400 and 1800?
200
What is the greatest common divisor of 42 and 777?
21
What is the highest common divisor of 99 and 33?
33
What is the greatest common divisor of 357 and 21?
21
Calculate the greatest common divisor of 16 and 10.
2
Calculate the greatest common factor of 378 and 6426.
378
Calculate the highest common factor of 5138 and 56.
14
What is the greatest common divisor of 230 and 184?
46
Calculate the greatest common divisor of 676 and 4.
4
Calculate the greatest common factor of 46 and 1357.
23
Calculate the highest common factor of 132 and 300.
12
Calculate the highest common divisor of 18 and 2.
2
Calculate the greatest common divisor of 390 and 90.
30
What is the greatest common divisor of 2808 and 56?
8
What is the greatest common factor of 23328 and 96?
96
What is the highest common divisor of 85 and 884?
17
What is the highest common divisor of 106 and 2?
2
What is the greatest common factor of 1702 and 69?
23
Calculate the greatest common divisor of 208 and 24.
8
What is the greatest common divisor of 162 and 126?
18
Calculate the greatest common divisor of 4 and 54.
2
Calculate the greatest common divisor of 763 and 327.
109
Calculate the highest common factor of 621 and 9.
9
What is the highest common divisor of 2121 and 525?
21
Calculate the highest common factor of 8 and 3908.
4
What is the highest common factor of 930 and 240?
30
What is the greatest common factor of 30 and 170?
10
What is the highest common divisor of 7692 and 12?
12
What is the highest common factor of 64 and 144?
16
Calculate the greatest common divisor of 15 and 900.
15
Calculate the greatest common factor of 801 and 9.
9
Calculate the highest common factor of 2 and 1025.
1
Calculate the greatest common divisor of 7168 and 14.
14
What is the highest common factor of 3 and 1313?
1
What is the highest common divisor of 672 and 14?
14
Calculate the greatest common factor of 1386 and 22.
22
What is the greatest common factor of 60 and 750?
30
Calculate the greatest common divisor of 1144 and 520.
104
Calculate the greatest common divisor of 381 and 1016.
127
Calculate the greatest common divisor of 1577 and 664.
83
What is the highest common factor of 116 and 108?
4
What is the highest common factor of 81 and 162?
81
What is the highest common factor of 253 and 121?
11
Calculate the greatest common divisor of 3599 and 122.
61
Calculate the highest common factor of 12 and 507.
3
Calculate the greatest common divisor of 2970 and 264.
66
Calculate the greatest common divisor of 264 and 14916.
132
What is the greatest common factor of 276 and 7521?
69
What is the highest common factor of 141 and 47?
47
What is the highest common factor of 402 and 268?
134
What is the highest common factor of 148 and 37?
37
Calculate the highest common divisor of 1672 and 22.
22
Calculate the highest common factor of 121 and 396.
11
What is the greatest common divisor of 11 and 3641?
11
What is the highest common divisor of 42 and 8589?
21
Calculate the greatest common divisor of 1552 and 97.
97
What is the highest common factor of 2375 and 19?
19
Calculate the greatest common factor of 41418 and 234.
234
Calculate the greatest common factor of 44 and 220.
44
Calculate the highest common factor of 444 and 24.
12
Calculate the highest common divisor of 42 and 24528.
42
Calculate the greatest common divisor of 72 and 336.
24
Calculate the greatest common divisor of 312 and 507.
39
Calculate the highest common divisor of 260 and 4080.
20
Calculate the greatest common factor of 10 and 310.
10
Calculate the highest common divisor of 11139 and 1659.
237
What is the greatest common factor of 441 and 49?
49
Calculate the highest common factor of 2835 and 105.
105
What is the greatest common divisor of 26 and 6318?
26
What is the highest common divisor of 2110 and 30?
10
Calculate the highest common factor of 12 and 3636.
12
Calculate the greatest common factor of 1584 and 44.
44
What is the greatest common factor of 4515 and 210?
105
What is the greatest common divisor of 416 and 1376?
32
Calculate the greatest common divisor of 4 and 13336.
4